(p) = -87*p - 1043. Calculate f(-12).
1
Let n(k) = 180*k + 7224. Give n(-40).
24
Let m(h) = -h**3 + 3*h**2 - 17*h + 24. Calculate m(2).
-6
Let l(g) = -61*g**2 + 2073*g - 5. What is l(34)?
-39
Let l(d) = 34*d - 1475. Determine l(39).
-149
Let v(w) = -144*w - 40170. Give v(-279).
6
Let a(f) = -12*f**2 + 14*f + 17. Give a(-1).
-9
Let s(c) = -6*c**2 - 152*c - 77. What is s(-24)?
115
Let n(f) = 13*f**2 - 167*f - 29. Determine n(13).
-3
Let j(c) = -806*c - 48379. What is j(-60)?
-19
Let u(q) = -q**3 + 2*q**2 + 21*q + 7. What is u(8)?
-209
Let f(p) = p**3 - 16*p**2 + 30*p + 23. Give f(14).
51
Let g(a) = -111*a + 5306. What is g(49)?
-133
Let f(m) = 23*m**2 + 75*m - 73. Give f(-5).
127
Let v(z) = -2*z**2 - 261*z - 4988. Calculate v(-23).
-43
Let r(t) = -2*t**2 + 4*t + 150. Determine r(9).
24
Let k(y) = 5*y**2 + 1359*y - 3022. Determine k(-274).
-8
Let g(z) = -293*z + 4087. Calculate g(14).
-15
Let c(u) = -u**2 + 21*u + 128. Calculate c(-6).
-34
Let h(i) = i**3 + 72*i**2 - 374*i + 7328. What is h(-78)?
-4
Let b(v) = -4223*v - 76010. Determine b(-18).
4
Let b(x) = 25*x**3 - 432*x**2 + 116*x + 9. Calculate b(17).
-42
Let o(k) = -k**2 - 18*k + 2. What is o(0)?
2
Let s(w) = 175*w - 5073. Calculate s(29).
2
Let p(x) = 344*x + 651. Give p(-2).
-37
Let t(j) = -3*j**3 + 185*j**2 + 64*j - 130. Determine t(62).
-6
Let x(l) = 636*l - 31790. What is x(50)?
10
Let q(v) = -2*v**3 - 21*v**2 + v + 356. Give q(-7).
6
Let m(f) = -f**3 - 31*f**2 + 20*f + 1492. Give m(-30).
-8
Let r(b) = 93*b - 113. Give r(4).
259
Let j(u) = -5*u**3 + 69*u**2 - 221*u + 44. Determine j(9).
-1
Let s(d) = -3*d**3 - 42*d**2 - 271*d - 3022. Calculate s(-13).
-6
Let u(m) = 5*m**3 - 23*m**2 + 83*m - 2. What is u(4)?
282
Let v(d) = -d**2 + 29*d + 204. Calculate v(35).
-6
Let n(w) = -w**2 - 33*w + 27. Determine n(-37).
-121
Let h(z) = -7*z**2 + 383*z + 62. Determine h(56).
-442
Let m(o) = -2*o**2 - 116*o - 219. What is m(-56)?
5
Let x(r) = -11*r**3 - r**2 - 13*r - 24. Determine x(-2).
86
Let r(d) = -d**3 - 3*d**2 + 7*d + 5. Determine r(-4).
-7
Let w(s) = -22*s**2 + 9*s - 11. What is w(1)?
-24
Let t(y) = -10*y + 17. Calculate t(10).
-83
Let x(m) = -2*m**3 - 65*m**2 + 176*m - 80. Determine x(-35).
-115
Let c(t) = -t**2 + 13*t - 28. Determine c(11).
-6
Let o(n) = 3*n**3 + 249*n**2 + 488*n + 158. What is o(-81)?
-4
Let o(c) = 123*c + 1999. Calculate o(-16).
31
Let l(c) = -c**2 - 70*c + 7059. Give l(-126).
3
Let f(y) = y**3 - 87*y**2 + 1258*y - 129. What is f(69)?
975
Let u(i) = 82*i + 216. Calculate u(-2).
52
Let m(z) = -2*z**3 - 116*z**2 + z - 12. Give m(-58).
-70
Let v(t) = -6*t - 215. Give v(-2).
-203
Let v(k) = 3*k**3 + 43*k**2 + 55*k + 40. What is v(-13)?
1
Let q(a) = a**2 + 45*a + 58. Calculate q(-42).
-68
Let k(a) = -96*a**3 + 290*a**2 - 12*a + 14. Give k(3).
-4
Let q(u) = -3*u**2 + 311*u - 1844. Calculate q(6).
-86
Let h(t) = 156*t + 43834. Calculate h(-281).
-2
Let b(n) = 94*n**2 - 850*n + 54. Calculate b(9).
18
Let z(v) = -2*v**2 + 1068*v + 6458. Give z(-6).
-22
Let p(t) = -t**3 - 95*t**2 + 3*t + 293. Calculate p(-95).
8
Let o(a) = 5*a**2 + 4*a + 19. What is o(-2)?
31
Let g(z) = -105*z - 2710. Calculate g(-26).
20
Let u(x) = x**2 + 52*x - 324. Give u(-58).
24
Let y(t) = -64*t**3 + 17*t**2 - 16*t + 1. What is y(1)?
-62
Let u(m) = -11*m**2 - 66*m + 12. What is u(-8)?
-164
Let a(f) = -5*f**2 + 47*f - 24. Calculate a(12).
-180
Let b(s) = 171*s + 20695. Give b(-121).
4
Let b(x) = -143*x - 17009. Determine b(-119).
8
Let x(t) = -t**3 - 14*t**2 + 29*t + 213. Determine x(-15).
3
Let v(k) = -7*k + 141. Calculate v(22).
-13
Let k(w) = -w**2 - 9*w + 108. What is k(7)?
-4
Let i(o) = -o**3 + 14*o**2 + 49*o + 29. Give i(17).
-5
Let q(c) = -158*c - 837. Give q(-5).
-47
Let i(s) = 3*s**3 + 7*s**2 + 9*s + 16. Calculate i(-4).
-100
Let f(w) = 3*w**2 - 152*w + 453. What is f(47)?
-64
Let a(r) = r**2 - 1416*r + 11263. Calculate a(8).
-1
Let t(a) = 896*a - 17021. Calculate t(19).
3
Let o(h) = -2*h**3 - 90*h**2 - 92*h - 151. What is o(-44)?
25
Let q(n) = -n**3 + n**2 + 149*n - 653. Calculate q(5).
-8
Let y(l) = 18*l - 85. Calculate y(12).
131
Let k(q) = 435*q - 11279. Calculate k(26).
31
Let k(t) = -5160*t - 36124. Determine k(-7).
-4
Let v(t) = 47*t - 1085. Calculate v(23).
-4
Let g(l) = 279*l + 11152. What is g(-40)?
-8
Let r(t) = -4*t**2 - 106*t - 86. Determine r(-26).
-34
Let t(k) = 320*k + 4222. Determine t(-13).
62
Let b(v) = 34364*v - 137453. What is b(4)?
3
Let a(z) = -z**3 + 20*z**2 + 82*z - 781. Give a(22).
55
Let k(v) = -3*v**3 - 15*v**2 - 28*v - 116. What is k(-5)?
24
Let o(s) = 2*s**3 - 24*s**2 + 29*s + 4. Calculate o(11).
81
Let t(c) = 249*c - 496. What is t(3)?
251
Let o(v) = 174*v - 27485. Determine o(158).
7
Let h(o) = 14*o**3 - 2*o**2 - 59*o - 58. Calculate h(-1).
-15
Let t(g) = -g**3 - 23*g**2 - 5*g - 142. Determine t(-23).
-27
Let r(i) = i**2 + 3421*i - 14. Calculate r(0).
-14
Let a(m) = m**3 + 6*m**2 - 44*m + 147. Give a(-11).
26
Let x(q) = -59*q + 254. What is x(4)?
18
Let j(t) = 14*t**3 - 1458*t**2 + 221*t - 1344. Give j(104).
8
Let s(n) = 17*n + 79. Give s(-4).
11
Let b(f) = 15*f**3 - 358*f**2 - 44*f - 59. Give b(24).
37
Let i(p) = -275*p + 1628. What is i(6)?
-22
Let h(u) = 1794*u + 53818. What is h(-30)?
-2
Let w(a) = a**2 + 12*a - 67. Calculate w(5).
18
Let y(v) = -v**3 - 109*v**2 + 2886*v + 527. Determine y(-131).
3
Let t(i) = i**3 + 34*i**2 + 33*i - 85. What is t(-33)?
-85
Let l(y) = -y**3 + 9*y**2 + 36*y - 361. Determine l(9).
-37
Let m(u) = 242*u + 9919. Give m(-41).
-3
Let v(d) = 2*d**3 - 106*d**2 + 11*d - 574. What is v(53)?
9
Let w(z) = z**3 + 4*z**2 - 31*z - 123. Calculate w(-5).
7
Let k(n) = n**3 + 23*n**2 - 74*n - 29. Calculate k(-26).
-133
Let s(m) = -3*m**3 + 74*m**2 - 57*m + 59. Determine s(24).
-157
Let t(s) = -s**2 - 203*s + 204. What is t(1)?
0
Let u(f) = f**2 - 172*f + 1587. Calculate u(162).
-33
Let f(r) = r**3 - 134*r**2 - 132*r - 381. Calculate f(135).
24
Let d(v) = v**3 + v**2 + 4*v. Determine d(-5).
-120
Let j(l) = 2*l**2 + 54*l + 302. Calculate j(-8).
-2
Let n(d) = 38*d + 553. Calculate n(-14).
21
Let o(k) = -116*k - 2657. Give o(-23).
11
Let y(s) = 39*s**2 - 280*s + 38. What is y(7)?
-11
Let i(p) = -3*p**2 + 72*p + 8. Calculate i(24).
8
Let a(v) = 30*v - 223. What is a(19)?
347
Let w(c) = 10*c**2 + 30*c - 32. Calculate w(-4).
8
Let d(c) = -238*c + 1095. Give d(5).
-95
Let j(d) = 482*d + 3149. What is j(-7)?
-225
Let a(y) = 36*y**2 + 7667*y - 256. Give a(-213).
-43
Let z(g) = g**3 + 8*g**2 - 38*g - 169. Calculate z(-10).
11
Let k(u) = -77*u**2 - 869*u + 13. Give k(-12).
-647
Let t(r) = -158*r + 158. Calculate t(1).
0
Let v(i) = -230*i + 15. Determine v(0).
15
Let h(o) = o**2 - 3*o - 162. What is h(-14)?
76
Let j(r) = -3*r**2 + r + 69. Determine j(0).
69
Let p(y) = -y**3 + 44*y**2 - 51*y + 170. Give p(43).
-174
Let j(b) = 46*b - 3497. Give j(76).
-1
Let o(l) = -357*l + 5. Calculate o(0).
5
Let d(y) = -374*y + 12670. What is d(34)?
-46
Let y(k) = 2*k**3 + 65*k**2 + 243*k + 23. Determine y(-4).
-37
Let l(j) = -43*j**2 - 6*j + 4. Determine l(1).
-45
Let f(z) = -1061*z + 35010. Calculate f(33).
-3
Let n(k) = 448*k - 5803. Calculate n(13).
21
Let k(c) = 9*c**2 - 38*c + 16. What is k(6)?
112
Let y(l) = -482*l - 5476. Determine y(-11).
-174
Let u(h) = h**3 - 11*h**2 + 35*h + 11. Give u(7).
60
Let x(w) = -5*w**2 + 569*w + 2281. Give x(-4).
-75
Let z(g) = -23*g - 550. What is z(-23)?
-21
Let d(f) = 110*f - 221. Determine d(10).
879
Let z(n) = -n**2 + 2613*n + 26230. Calculate z(-10).
0
Let x(d) = 111*d - 1658. Calculate x(15).
7
Let r(d) = d**3 - 20*d**2 + 36*d - 289. Give r(19).
34
Let q(f) = -1661*f - 6589. Calculate q(-4).
55
Let z(w) = -w**3 - 99*w**2 - 553*w + 508. Calculate z(-93).
43
Let w(t) = -7*t**2 - 263*t + 22. Give w(-37).
170
Let c(k) = k**3 + 61*k**2 + 219*k - 3399. Determine c(-56).
17
Let c(a) = -a**3 - 42*a**2 - 81*a + 18. Determine c(-40).
58
Let c(t) = 4*t**3 + 97*t**2 + 27*t + 53. What is c(-24)?
-19
Let l(b) = -41*b - 2495. Determine l(-61).
6
Let h(l) = l**2 - 327*l - 989. Determine h(-3).
1
Let d(p) = -75*p - 1659. Give d(-22).
-9
Let m(v) = 3*v + 113. Give m(-22).
47
Let a(v) = -v**3 + 6*v**2 + 23*v - 100. Calculate a(7).
12
Let a(b) = -62*b - 485. Determine a(-8).
11
Let u(h) = h**3 - 42*h**2 + 13*h - 522. Calculate u(42).
24
Let p(h) = -h**2 